at is -314773 - -8?
-314765
In base 13, what is 633b774 + 3?
633b777
In base 4, what is -331 + -3120021?
-3121012
In base 9, what is 672 + 152176?
152858
In base 13, what is 47ac11 + -28?
47abb6
In base 5, what is -3 + -110223130414?
-110223130422
In base 6, what is 2004 - 12301245?
-12255241
In base 8, what is -142441 - -6774?
-133445
In base 9, what is -712 + 1255837?
1255125
In base 9, what is 18 + -242560?
-242541
In base 8, what is -227124 - 34243?
-263367
In base 8, what is -2 - -30236675?
30236673
In base 6, what is 1 - 120115544?
-120115543
In base 14, what is 5 - -15b4337?
15b433c
In base 13, what is -a64 + -3083?
-3b17
In base 9, what is -4116168 + 68?
-4116100
In base 9, what is 35 - 18144123?
-18144077
In base 3, what is -101102110011101122 - -12?
-101102110011101110
In base 16, what is 89f + -42123?
-41884
In base 8, what is -5 - 35101615?
-35101622
In base 13, what is 5202419a + 2?
5202419c
In base 15, what is -54 - 2395a?
-239ae
In base 6, what is -4124 + -53441?
-102005
In base 4, what is -10302130113 - 22?
-10302130201
In base 12, what is -1496 - -19699?
18203
In base 2, what is 10101010011011001110 + -11000?
10101010011010110110
In base 14, what is 41411d - -8?
414127
In base 13, what is 575980c + -2?
575980a
In base 14, what is 19c1 + 3a8?
1d89
In base 14, what is -5190dc + 373?
-518b69
In base 7, what is 641 - 24105?
-23134
In base 9, what is -520 - 35583?
-36213
In base 13, what is 16c89 + 8a77?
22a33
In base 14, what is 2 + 172299c?
17229a0
In base 3, what is 2000022200010 - -1?
2000022200011
In base 3, what is -22212102012011121 - -2?
-22212102012011112
In base 6, what is 5105544333 + 11?
5105544344
In base 13, what is -c5ca67 + -b?
-c5ca75
In base 12, what is -16752647 + -2?
-16752649
In base 4, what is 3231103300102 - -1?
3231103300103
In base 13, what is -21 - -8089b?
8087a
In base 5, what is 131030 - 10203?
120322
In base 3, what is -10 + 110010220122100?
110010220122020
In base 5, what is -240404000132 + 2?
-240404000130
In base 7, what is -4 + -144416442?
-144416446
In base 4, what is 3322 + 10002033?
10012021
In base 10, what is 47 + 292108?
292155
In base 6, what is 1051111411 - -124?
1051111535
In base 15, what is -8bae30 - 23?
-8bae53
In base 16, what is 0 + 3f3c30f?
3f3c30f
In base 7, what is -1 - -1366226363?
1366226362
In base 12, what is 15 + 138b7ab7?
138b7b10
In base 7, what is -24646 - 2245?
-30224
In base 4, what is -1232231221 + 100?
-1232231121
In base 16, what is 16f9c - 58?
16f44
In base 9, what is 265235 + 265?
265511
In base 15, what is -2 - -76e7b2?
76e7b0
In base 7, what is 52045453 - 140?
52045313
In base 8, what is -14256734055 + -3?
-14256734060
In base 9, what is 185822 - -315?
186237
In base 7, what is 54341034 - 30?
54341004
In base 3, what is -2120201221000 - -2?
-2120201220221
In base 12, what is 29 + -43659?
-43630
In base 14, what is -24a - 11152b?
-111777
In base 14, what is 3ac843 - d2?
3ac751
In base 6, what is 1252 - -14254522?
14300214
In base 11, what is -4a5 + -52789?
-53183
In base 15, what is -1740b8e + -2?
-1740b91
In base 2, what is 11111101000111111 - 11111001111?
11111001001110000
In base 4, what is -20123332 - -223022?
-13300310
In base 16, what is 1007 - 420e?
-3207
In base 4, what is 1323000 + -2232200?
-303200
In base 8, what is -30220335 - -24?
-30220311
In base 4, what is 112322 - 2021323?
-1303001
In base 15, what is -1597 + -52?
-15e9
In base 10, what is -83 + -2444196?
-2444279
In base 4, what is -200333 + 31211?
-103122
In base 6, what is 11 + -41005022?
-41005011
In base 7, what is -4466 + 414505?
410006
In base 15, what is 68 - 601bb?
-60153
In base 9, what is 6 - -51137288?
51137305
In base 14, what is -439a8 - 1?
-439a9
In base 8, what is -3 + 11312043?
11312040
In base 15, what is -318891a - 3?
-318891d
In base 8, what is 34027607 + 4?
34027613
In base 4, what is -21212333 + 1132?
-21211201
In base 3, what is 1020202121211 - 1212220?
1020200201221
In base 15, what is 2884650 + 15?
2884665
In base 7, what is 210344605 - -10?
210344615
In base 3, what is 221200120220 + 11222?
221200202212
In base 5, what is -3 - 320311010311?
-320311010314
In base 9, what is 6 + -43123474?
-43123467
In base 6, what is -12252 - 1531524?
-1544220
In base 5, what is -30020434301 + -3?
-30020434304
In base 8, what is -23 + -1235350?
-1235373
In base 4, what is -311 + 11212201320?
11212201003
In base 4, what is -30223113 - 1102023?
-31331202
In base 9, what is 2 + -3854141?
-3854138
In base 11, what is -14a567 + -882?
-150339
In base 4, what is -200 - 111321302321?
-111321303121
In base 14, what is 4512 + -2704?
1c0c
In base 14, what is 4235d + -c57?
41506
In base 4, what is 332 + -1131312210?
-1131311212
In base 11, what is 10 - 798a08?
-7989a8
In base 11, what is 4 + 43063305?
43063309
In base 7, what is -16111 - 31331?
-50442
In base 8, what is 4 + 2474121?
2474125
In base 5, what is 11 - -303112222?
303112233
In base 3, what is -12112220122 + 10012211?
-12102200211
In base 13, what is 8b1 - 2a6a?
-2189
In base 10, what is 681604 + -152?
681452
In base 6, what is 315224 - -1544?
321212
In base 4, what is -210312322310 - 12?
-210312322322
In base 4, what is 100 + -3113321000?
-3113320300
In base 3, what is 10202200020221 + -21?
10202200020200
In base 15, what is 946945 + 5?
94694a
In base 16, what is -1fceec7 - 2?
-1fceec9
In base 12, what is -115516a + -68?
-1155216
In base 14, what is -2c83429 - -1?
-2c83428
In base 12, what is 2890300 + -17?
28902a5
In base 16, what is -982f - 49?
-9878
In base 3, what is 1 + -101002211001200?
-101002211001122
In base 5, what is -2310321200 + 3?
-2310321142
In base 15, what is -43 - b2550?
-b2593
In base 8, what is 104 + -1144360?
-1144254
In base 10, what is -228 + 112136?
111908
In base 3, what is -221101000112200 + 12?
-221101000112111
In base 2, what is 11101101 + -100000010101010111011?
-100000010100111001110
In base 4, what is -210323 - -33131210?
32320221
In base 8, what is 1207 + -364021?
-362612
In base 16, what is -d6f + -1861?
-25d0
In base 15, what is -bd0 + 295d?
1c7d
In base 13, what is -544 + -2047c?
-209c3
In base 3, what is 2200211 - -1201101012?
1211002000
In base 3, what is 10 + -1100220010012?
-1100220010002
In base 6, what is -34132244 - -12?
-34132232
In base 8, what is -276520 + 12366?
-264132
In base 9, what is 1 + 168175156?
168175157
In base 15, what is 1b247c - -31?
1b24ad
In base 16, what is 0 + -1ffdf0?
-1ffdf0
In base 14, what is 8b475 - 29?
8b44a
In base 16, what is -e8da4 + 2d?
-e8d77
In base 5, what is -10 - 124401044?
-124401104
In base 16, what is 355921 - 1?
355920
In base 9, what is -33207 + 1400?
-31707
In base 6, what is -14501 - -32?
-14425
In base 3, what is -21110120 + 210211?
-20122202
In base 9, what is -8 + -73648380?
-73648388
In base 8, what is -4 + -154011764?
-154011770
In base 5, what is 3 + 2321244424?
2321244432
In base 5, what is 213420 - 3224?
210141
In base 14, what is 132 + 2c50d?
2c641
In base 6, what is 4 + -1234400?
-1234352
In base 15, what is 112 - 26837?
-26725
In base 12, what is 6abb9 + a7a?
6ba77
In base 4, what is 211 - -2333003020?
2333003231
In base 13, what is 4 + -2815c53?
-2815c4c
In base 16, what is 277808 - e?
2777fa
In base 14, what is -1ab940 - 1?
-1ab941
In base 9, what is -1 + 3248331?
3248330
In base 3, what is 202210102121202001 + 11?
202210102121202012
In base 6, what is 241553 - -133000?
414553
In base 4, what is -3 - -1030131310222?
1030131310213
In base 3, what is 210200 - -110002222?
110220122
In base 6, what is 402411305 - 2?
402411303
In base 15, what is 3a0 - 780?
-3d0
In base 4, what is 102112 - -1031200303?
1031303021
In base 9, what is -46164721 - -4?
-46164716
In base 10, what is 39 - 1693277?
-1693238
In base 2, what is 1010010001001110101111 - 1101?
1010010001001110100010
In base 11, what is 3838320 + -1?
383831a
In base 13, what is -5592220 + -2?
-5592222
In base 9, what is 83 - -162848?
163042
In base 15, what is -65158e + -2?
-651591
In base 13, what is 993a77 - -5?
993a7c
In base 8, what is 13 - -145025053?
145025066
In base 3, what is -1111010 - -110012?
-1000221
In base 2, what is 11000010001 - 10111000100100?
-10100000010011
In base 4, what is -2223101 - -231001?
-1332100
In base 16, what is 15c - -23511?
2366d
In base 8, what is 1324 + -26